{"id":79,"date":"2021-09-28T07:35:53","date_gmt":"2021-09-28T07:35:53","guid":{"rendered":"https:\/\/ctccongress.org\/?page_id=79"},"modified":"2021-09-28T08:44:01","modified_gmt":"2021-09-28T08:44:01","slug":"ctc2019","status":"publish","type":"page","link":"http:\/\/ctccongress.org\/?page_id=79","title":{"rendered":"CTC2019"},"content":{"rendered":"\n<figure class=\"wp-block-image size-full is-resized\"><img loading=\"lazy\" src=\"https:\/\/ctccongress.org\/wp-content\/uploads\/2021\/09\/CTC-768x580-1.png\" alt=\"\" class=\"wp-image-65\" width=\"474\" height=\"358\" srcset=\"http:\/\/ctccongress.org\/wp-content\/uploads\/2021\/09\/CTC-768x580-1.png 768w, http:\/\/ctccongress.org\/wp-content\/uploads\/2021\/09\/CTC-768x580-1-300x227.png 300w\" sizes=\"(max-width: 474px) 100vw, 474px\" \/><\/figure>\n\n\n\n<h3><strong>COMMUNICATION AND TECHNOLOGY CONGRESS \u2013 CTC 2019<\/strong><\/h3>\n\n\n\n<p>The commencement of the digital age along with the rapid development of information technologies in the 21st&nbsp;century has led it to be defined as the age of information, where the boundaries between place and time no longer exist. It has become increasingly difficult to define what McLuhan has coined as the \u201cglobal village\u201d, a village based on communication where cultural structures are founded on technology, and constructed through differing codes. In other words, despite the fact that images, which are the most important carriers of technological culture, can transcend all kinds of barriers, individuals living in different cultures and societies perceive and understand these images in completely distinctive ways. Furthermore, it is important to ask the question of whether the process of communication brings along with it \u201ctechnology\u201d.<\/p>\n\n\n\n<p>The term communication no doubt includes fashion, painting, textile, sculpture, all kinds of architecture, industrial and graphic design, advertising, popular culture, photograph, and mass media tools such as film, and television, as well as other products such as computer games, webpages, and newspaper and magazine design. So how are the messages created in these areas perceived? In terms of communication, what are the good and bad aspects of \u201ctechnology\u201d? How is society influenced by the \u201cchange\u201d, \u201ctransformation\u201d and \u201cconversion\u201d occurring in communication? Do McLuhan\u2019s \u201ctechnological determinism\u201d, the \u201chyperreality\u201d and the notion that all images morph into the imaginary of Jean Baudrillard\u2019s \u201cSimulacra and Simulation\u201d, M. Castells concept of \u201cnetwork society\u201d and the now very popular term of \u201csocial media\u201d have anything in common? If we look at it more generally, what are the new approaches that have emerged in the components of communication \u2013 due to the process of technology?<\/p>\n\n\n\n<p>CTC 2019 (Communication and Technology Congress) will take place&nbsp; April 17th 2019. The Congress will bring together academics and professionals coming from different fields to discuss their differing point of views on these questions related to \u201cCommunication\u201d while referring to \u201ctechnology\u201d. \u201cOnline\u201d is our theme in this Congress.<\/p>\n\n\n\n<p><\/p>\n\n\n\n<figure class=\"wp-block-image size-large is-resized\"><img loading=\"lazy\" src=\"https:\/\/ctccongress.org\/wp-content\/uploads\/2021\/09\/CTC2019-768x1083-1-726x1024.png\" alt=\"\" class=\"wp-image-66\" width=\"377\" height=\"532\" srcset=\"http:\/\/ctccongress.org\/wp-content\/uploads\/2021\/09\/CTC2019-768x1083-1-726x1024.png 726w, http:\/\/ctccongress.org\/wp-content\/uploads\/2021\/09\/CTC2019-768x1083-1-213x300.png 213w, http:\/\/ctccongress.org\/wp-content\/uploads\/2021\/09\/CTC2019-768x1083-1.png 768w\" sizes=\"(max-width: 377px) 100vw, 377px\" \/><\/figure>\n\n\n\n<h3><strong>Communication and Technology Congress<\/strong><\/h3>\n\n\n\n<p><strong>CHAIRMAN OF THE CONGRESS ORGANIZATION COMMITTEE<\/strong><\/p>\n\n\n\n<p>Prof.Dr. H\u00fclya Yengin, \u0130stanbul Ayd\u0131n University, Turkey<\/p>\n\n\n\n<p><strong>GENERAL COORDINATORS OF THE CONGRESS ORGANIZATION COMMITTEE<\/strong><\/p>\n\n\n\n<p>Assoc.Prof.Dr. Deniz Yengin, \u0130stanbul Ayd\u0131n University, Turkey<\/p>\n\n\n\n<p>Assoc.Prof.Dr. And Alg\u00fcl, \u0130stanbul Ayd\u0131n University, Turkey<\/p>\n\n\n\n<p>Asist.Prof.Dr. G\u00f6kmen Hakan Karada\u011f, \u0130stanbul Ayd\u0131n University, Turkey<\/p>\n\n\n\n<p><strong>SCIENTIFIC COMMITTEE<\/strong><\/p>\n\n\n\n<p>Prof.Dr. Atilla Girgin, \u0130stanbul Ayd\u0131n University, Turkey<\/p>\n\n\n\n<p>Prof.Dr. Cem S\u00fct\u00e7\u00fc, Marmara University, Turkey<\/p>\n\n\n\n<p>Prof.Dr. Donald L. Shaw, University of North Carolina, U.S.A.<\/p>\n\n\n\n<p>Prof.Dr. Douglas Kellner, UCLA University, U.S.A.<\/p>\n\n\n\n<p>Prof.Dr. Filiz Balta Pelteko\u011flu, Marmara University, Turkey<\/p>\n\n\n\n<p>Prof.Dr. H.Hale K\u00fcn\u00fc\u00e7en, Ba\u015fkent University, Turkey<\/p>\n\n\n\n<p>Prof.Dr. Haluk G\u00fcrgen, Bah\u00e7e\u015fehir University, Turkey<\/p>\n\n\n\n<p>Prof.Dr. H\u00fclya Yengin, \u0130stanbul Ayd\u0131n University, Turkey<\/p>\n\n\n\n<p>Prof.Dr. Judith K. Litterst, St. Cloud State University, U.S.A.<\/p>\n\n\n\n<p>Prof.Dr. Korkmaz Alemdar, At\u0131l\u0131m University, Turkey<\/p>\n\n\n\n<p>Prof.Dr. Lev Manovich, University of California, U.S.A.<\/p>\n\n\n\n<p>Prof.Dr. Maxwell E. McCombs, University of Texas, U.S.A.<\/p>\n\n\n\n<p>Prof.Dr. Nazife G\u00fcng\u00f6r, \u00dcsk\u00fcdar University, Turkey<\/p>\n\n\n\n<p>Prof.Dr. \u00d6zden \u00c7ankaya, Turkey<\/p>\n\n\n\n<p>Prof.Dr. \u00dcmit Atabek, Ya\u015far University, Turkey<\/p>\n\n\n\n<p>Prof.Dr. Yasemin Giritli \u0130nceo\u011flu, Galatasaray University, Turkey<\/p>\n\n\n\n<p>Prof.Dr. Zafer Ert\u00fcrk, I\u015f\u0131k University, Turkey<\/p>\n\n\n\n<p>Prof.Dr. \u00d6zer Kanburo\u011flu, \u0130stanbul Ayd\u0131n University, Turkey<\/p>\n\n\n\n<p>Prof.Dr. Mehmet \u00dcst\u00fcnipek, \u0130stanbul K\u00fclt\u00fcr University, Turkey<\/p>\n\n\n\n<p>Assoc.Prof.Dr. Deniz Yengin, \u0130stanbul Ayd\u0131n University, Turkey<\/p>\n\n\n\n<p>Assoc.Prof.Dr. And Alg\u00fcl, \u0130stanbul Ayd\u0131n University, Turkey<\/p>\n\n\n\n<p>Asist.Prof.Dr. G\u00f6kmen Hakan Karada\u011f, \u0130stanbul Ayd\u0131n University, Turkey<\/p>\n\n\n\n<p><strong>LOCAL ORGANIZATION COMMITTEE<\/strong><\/p>\n\n\n\n<p>Assoc.Prof.Dr. Deniz Yengin, \u0130stanbul Ayd\u0131n University, Turkey<\/p>\n\n\n\n<p>Assoc.Prof.Dr. And Alg\u00fcl, \u0130stanbul Ayd\u0131n University, Turkey<\/p>\n\n\n\n<p>Asist.Prof.Dr. G\u00f6kmen Hakan Karada\u011f, \u0130stanbul Ayd\u0131n University, Turkey<\/p>\n\n\n\n<p>Asist.Prof.Dr. Ayten \u00d6v\u00fcr, \u0130stanbul Ayd\u0131n University, Turkey<\/p>\n\n\n\n<p>Rsc.Ass. Tamer Bayrak, \u0130stanbul Ayd\u0131n University, Turkey<\/p>\n\n\n\n<p>Rsc.Ass. \u0130rem Yeniceler, \u0130stanbul Ayd\u0131n University, Turkey<\/p>\n\n\n\n<h3><strong>Call For Papers<\/strong><\/h3>\n\n\n\n<p>CTC 2019 (Communication and Technology Congress) will take place&nbsp; April 17th 2019. The Congress will bring together academics and professionals coming from different fields to discuss their differing point of views on these questions related to \u201cCommunication\u201d while referring to \u201ctechnology\u201d. \u201cOnline\u201d is our theme in this Congress.<\/p>\n\n\n\n<h3><strong>Main Topics of CTC<\/strong><\/h3>\n\n\n\n<ul><li>Social Sciences (Communication Studies, researches, applied studies)<\/li><li>New Media (web 2.0, web 3.0, interactivity, convergence, virtuality, social media, etc.)<\/li><li>Digital Arts (cinema, television, photograph, illustration, kinetic, graphics etc.)<\/li><li>Digital Society (E-community, surveillance society, network society, etc.)<\/li><li>Communication Arts (advertising, public relation, marketing, etc.)<\/li><li>Mass Communication (Television, radio, newspaper, etc.)<\/li><li>Technology<\/li><\/ul>\n\n\n\n<p><strong>Language Of CTC<\/strong><\/p>\n\n\n\n<p>Turkish and English<\/p>\n\n\n\n<h3><strong>Paper Guidelines<\/strong><\/h3>\n\n\n\n<p><a href=\"http:\/\/vrlab.aydin.edu.tr\/wp-content\/uploads\/2019\/03\/MAKALE_TASLAK.doc\">SAMPLE_FORMAT<\/a><\/p>\n\n\n\n<p><strong>CTC Dates<\/strong><\/p>\n\n\n\n<p>April 17th, 2019<\/p>\n\n\n\n<p><strong>Important Deadlines<\/strong><\/p>\n\n\n\n<p>Abstract Submission Deadline: March 20th, 2019<\/p>\n\n\n\n<p>Full Paper Submission Deadline: April 26th, 2019<\/p>\n\n\n\n<p>Proceedings Book Publishing Date: May 24th, 2019<\/p>\n\n\n\n<p><strong>CTC Venue<\/strong><\/p>\n\n\n\n<p>\u0130stanbul Ayd\u0131n University<\/p>\n\n\n\n<h3><\/h3>\n\n\n\n<p><strong>Coordinator<\/strong><\/p>\n\n\n\n<p>Assoc.Prof.Dr. Deniz YENG\u0130N<\/p>\n\n\n\n<p><a href=\"mailto:denizyengin@aydin.edu.tr\" target=\"_blank\" rel=\"noreferrer noopener\">denizyengin@aydin.edu.tr&nbsp;<\/a><\/p>\n\n\n\n<p>Assoc.Prof.Dr. And ALG\u00dcL<\/p>\n\n\n\n<p><a href=\"mailto:andalgul@aydin.edu.tr\" target=\"_blank\" rel=\"noreferrer noopener\">andalgul@aydin.edu.tr<\/a><\/p>\n\n\n\n<p>Assist.Prof.Dr. G\u00f6kmen H. KARADA\u011e<\/p>\n\n\n\n<p><a href=\"mailto:gokmenkaradag@aydin.edu.tr\">gokmenkaradag@aydin.edu.tr<\/a><\/p>\n\n\n\n<p><strong>Associate Coordinator<\/strong><\/p>\n\n\n\n<p>Rsc.Ast. Tamer BAYRAK<\/p>\n\n\n\n<p><a href=\"mailto:tbayrak@aydin.edu.tr\" target=\"_blank\" rel=\"noreferrer noopener\">tbayrak@aydin.edu.tr<\/a><\/p>\n\n\n\n<p>Rsc.Ast. \u0130rem YEN\u0130CELER<\/p>\n\n\n\n<p><a href=\"mailto:iremyeniceler@aydin.edu.tr\">iremyeniceler@aydin.edu.tr<\/a><\/p>\n","protected":false},"excerpt":{"rendered":"<p>COMMUNICATION AND TECHNOLOGY CONGRESS \u2013 CTC 2019 The commencement of the digital age along with [&hellip;]<\/p>\n","protected":false},"author":1,"featured_media":0,"parent":0,"menu_order":0,"comment_status":"closed","ping_status":"closed","template":"","meta":[],"_links":{"self":[{"href":"http:\/\/ctccongress.org\/index.php?rest_route=\/wp\/v2\/pages\/79"}],"collection":[{"href":"http:\/\/ctccongress.org\/index.php?rest_route=\/wp\/v2\/pages"}],"about":[{"href":"http:\/\/ctccongress.org\/index.php?rest_route=\/wp\/v2\/types\/page"}],"author":[{"embeddable":true,"href":"http:\/\/ctccongress.org\/index.php?rest_route=\/wp\/v2\/users\/1"}],"replies":[{"embeddable":true,"href":"http:\/\/ctccongress.org\/index.php?rest_route=%2Fwp%2Fv2%2Fcomments&post=79"}],"version-history":[{"count":2,"href":"http:\/\/ctccongress.org\/index.php?rest_route=\/wp\/v2\/pages\/79\/revisions"}],"predecessor-version":[{"id":115,"href":"http:\/\/ctccongress.org\/index.php?rest_route=\/wp\/v2\/pages\/79\/revisions\/115"}],"wp:attachment":[{"href":"http:\/\/ctccongress.org\/index.php?rest_route=%2Fwp%2Fv2%2Fmedia&parent=79"}],"curies":[{"name":"wp","href":"https:\/\/api.w.org\/{rel}","templated":true}]}}